{"id":3520,"date":"2022-06-03T20:48:10","date_gmt":"2022-06-03T20:48:10","guid":{"rendered":"https:\/\/isfa-net.de\/?page_id=3520"},"modified":"2022-06-04T07:44:53","modified_gmt":"2022-06-04T07:44:53","slug":"unser-leitbild","status":"publish","type":"page","link":"https:\/\/isfa-net.de\/?page_id=3520","title":{"rendered":"Unser Leitbild"},"content":{"rendered":"<p>[vc_row][vc_column][vc_column_text]<\/p>\n<h2 style=\"font-weight: 400;\"><strong>Integration<\/strong><\/h2>\n<h2 style=\"font-weight: 400;\"><strong>durch<\/strong><\/h2>\n<h2 style=\"font-weight: 400;\"><strong>Qualifikation<\/strong><\/h2>\n<blockquote>\n<h4 style=\"font-weight: 400;\"><span style=\"color: #ff0000;\"><strong>IHR ERFOLG IST UNSER ZIEL<\/strong><\/span><\/h4>\n<\/blockquote>\n<h5 style=\"font-weight: 400;\"><strong>Das Leitbild der isfa<\/strong><\/h5>\n<p style=\"font-weight: 400;\">Die isfa wurde 1980 als \u201eisfa \u2013 Initiative zur sprachlichen u. sozialen F\u00f6rderung ausl\u00e4ndischer Arbeitnehmer e. V.\u201c gegr\u00fcndet. Dieser Name wurde 1996 in die heutige Bezeichnung \u201eisfa \u2013 interkulturelle schule\u00a0fortbildung\u00a0und\u00a0ausbildung\u00a0gmbh\u201c umgewandelt. 2003 entstand zus\u00e4tzlich die isfa plus GmbH, die diese Arbeit fortgef\u00fchrt und erheblich erweitert hat. Die isfa arbeitet derzeit mit ca. 110 festangestellten P\u00e4dagoginnen und P\u00e4dagogen sowie ca. 30 freien Mitarbeiterinnen und Mitarbeitern. (Stand: Feb. 22)<\/p>\n<p style=\"font-weight: 400;\">Wir beziehen unsere Arbeits- und Tr\u00e4geridentit\u00e4t und unseren Auftrag verbindlich aus der Satzung der isfa. Dort ist festgelegt, dass die isfa Bildung und Ausbildung als Schlu\u0308sselqualifikationen f\u00fcr berufliche und gesellschaftliche Integration f\u00f6rdern soll. Die T\u00e4tigkeiten der isfa sind daher die Konzeption und Durchf\u00fchrung allgemeiner und interkultureller Bildungsangebote mit sprachlichem, fachspezifischem oder sozialp\u00e4dagogischem Schwerpunkt, berufsbezogener Ausbildungs- und Fortbildungsma\u00dfnahmen sowie verwandte Leistungen im Sinne unseres Gesellschaftszweckes.<\/p>\n<p style=\"font-weight: 400;\"><strong>Dazu z\u00e4hlen insbesondere:<\/strong><\/p>\n<ul>\n<li style=\"font-weight: 400;\">Ausbildungs- und berufsvorbereitende und begleitende Ma\u00dfnahmen der Arbeitsverwaltung;<\/li>\n<li style=\"font-weight: 400;\">qualifizierende F\u00f6rderung Jugendlicher mit sprachlichen, sozialen oder \u00e4hnlichen gesellschaftlichen Benachteiligungen im Auftrag der Arbeitsverwaltung oder anderer \u00f6ffentlicher Auftraggeber;<\/li>\n<li style=\"font-weight: 400;\">Deutschkurse f\u00fcr Migrant*innen<\/li>\n<li style=\"font-weight: 400;\">sozialp\u00e4dagogische Betreuung und Beratung Jugendlicher und junger Erwachsener im Rahmen ihrer schulischen oder beruflichen Ausbildung<\/li>\n<li style=\"font-weight: 400;\">berufliche Fortbildungsma\u00dfnahmen im Sinne der vorgenannten Punkte;<\/li>\n<li style=\"font-weight: 400;\">p\u00e4dagogische Konzepte<\/li>\n<\/ul>\n<p style=\"font-weight: 400;\">Dies wird auch in der p\u00e4dagogischen Haltung gegen\u00fcber den Lernenden deutlich, die durch Selbstverantwortung und Hilfe zugleich gepr\u00e4gt ist und durch das zusammen Wirken von F\u00f6rdern und\/durch fordern zur Geltung kommt. Die Haltung zum und der Umgang mit dem Lernenden ist notwendigerweise auch die Haltung zu und der Umgang\u00a0mit den Mitarbeiter*innen:<\/p>\n<p style=\"font-weight: 400;\">Verantwortung und Hilfe, Zust\u00e4ndigkeiten und Kooperationen sind transparent definiert und werden auf allen Ebenen wahrgenommen. Bei der Umsetzung unserer Aufgaben und Werte sind wir politisch und konfessionell ungebunden. Wir sind den Prinzipien und Methoden des Gender Mainstreaming verpflichtet.<\/p>\n<p style=\"font-weight: 400;\">Kunden: (Adressaten und reale Teilnehmende)<\/p>\n<p style=\"font-weight: 400;\">Die Kunden der isfa sind<\/p>\n<ul>\n<li style=\"font-weight: 400;\">TeilnehmerInnen in den Auftragsma\u00dfnahmen (AsAflex,\u00a0BaEkoop,\u00a0BvB-Lehrg\u00e4nge, Trainingsma\u00dfnahmen; Deutschkurse, Teilnehmer*innen in den Sprachkursen, und Fortbildungsma\u00dfnahmen;<\/li>\n<li style=\"font-weight: 400;\">Agentur\u00a0fu\u0308r\u00a0Arbeit,<\/li>\n<li style=\"font-weight: 400;\">Kommunen,<\/li>\n<li style=\"font-weight: 400;\">Ministerien des Landes Schleswig \u2013Holstein,<\/li>\n<li style=\"font-weight: 400;\">Bundesministerien,<\/li>\n<li style=\"font-weight: 400;\">Europ\u00e4ische Union,<\/li>\n<li style=\"font-weight: 400;\">teilweise selbst zahlende Teilnehmer*innen und vollst\u00e4ndig selbst zahlende Teilnehmer*innen<\/li>\n<li style=\"font-weight: 400;\">Berufsbildende und allgemeinbildende Schulen<\/li>\n<li style=\"font-weight: 400;\">Ausbildungsberechtigte Betriebe (alle Branchen)<\/li>\n<li style=\"font-weight: 400;\">Bildungstr\u00e4ger, politische Organisationen und Parteien und<\/li>\n<li style=\"font-weight: 400;\">andere Einrichtungen, die sich mit dem Ausbildungsmarkt besch\u00e4ftigen oder an der Aufgabe der Integration von MigrantInnen in die Gesellschaft beteiligt sind.<\/li>\n<\/ul>\n<p style=\"font-weight: 400;\"><strong>Allgemeine Unternehmensziele<\/strong><\/p>\n<ul>\n<li style=\"font-weight: 400;\">Voraussetzungen f\u00fcr eine Integration in Arbeitsleben und Gesellschaft zu schaffen<\/li>\n<li style=\"font-weight: 400;\">gleiche Chancen\u00a0fu\u0308r\u00a0nichtdeutsche und deutsche Jugendliche herzustellen<\/li>\n<li style=\"font-weight: 400;\">individuelle Kompetenzen zu erweitern und nutzbar zu machen<\/li>\n<li style=\"font-weight: 400;\">Jugendlichen dabei zu helfen, eine pers\u00f6nliche und berufliche Identit\u00e4t zu entwickeln<\/li>\n<li style=\"font-weight: 400;\">Toleranz, Verantwortung und demokratisches Bewusstsein zu vermitteln<\/li>\n<li style=\"font-weight: 400;\">Medien und Methoden zur p\u00e4dagogischen Praxis f\u00fcr diese Ziele zu erarbeiten<\/li>\n<li style=\"font-weight: 400;\">qualitative Integration der Migrant*innen<\/li>\n<li style=\"font-weight: 400;\">Kommunikation<\/li>\n<li style=\"font-weight: 400;\">Ausbildungsbegleitung<\/li>\n<li style=\"font-weight: 400;\">sozialp\u00e4dagogische Betreuung<\/li>\n<li style=\"font-weight: 400;\">Vermittlung von Schlu\u0308sselqualifikationen<\/li>\n<\/ul>\n<p style=\"font-weight: 400;\">Die\u00a0isfa\u00a0gmbh\u00a0ist ein freier Bildungstr\u00e4ger, der im Auftrag der Agenturen f\u00fcr Arbeit, der Kommune, des Landes Schleswig-Holstein und des Bundes Bildungs- und Integrationsma\u00dfnahmen durchf\u00fchrt. Von Beginn an ist die Integration durch Qualifikation zentraler Bestandteil unserer Tr\u00e4gerphilosophie. Urspr\u00fcnglich in der Sprachf\u00f6rderung von Migranten (Alphabetisierung, Deutschunterricht, berufsfachsprachlicher Deutschunterricht) aktiv haben sich als weitere Schwerpunkte der Arbeit die ausbildungsbegleitende F\u00f6rderung, pr\u00e4ventive Ma\u00dfnahmen und Fortbildungsseminare f\u00fcr Multiplikatoren entwickelt. Die isfa bietet Jugendlichen und Erwachsenen Dienstleistungen und Unterrichtsprogramme an, die bei der beruflichen Orientierung und der L\u00f6sung sprachlicher und sozialer Probleme helfen k\u00f6nnen. Neben der themenbezogenen Unterrichtsarbeit steht auch die Begegnung der Jugendlichen und jungen Erwachsenen unterschiedlicher nationaler und sozialer Herkunft im Vordergrund. Ausl\u00e4nder\/innen sind in der isfa keine kleine Minderheit, und so ist die isfa ein multinationaler Treffpunkt\u00a0fu\u0308r\u00a0junge Menschen geworden.<\/p>\n<p style=\"font-weight: 400;\">Ma\u00dfnahmen nach SGB II und SGB III:<\/p>\n<ul>\n<li style=\"font-weight: 400;\">Berufsvorbereitende Bildungsma\u00dfnahmen (BvB)<\/li>\n<li style=\"font-weight: 400;\">Berufsausbildung in au\u00dferbetrieblichen Einrichtungen \u2013\u00a0BaEkoop<\/li>\n<li style=\"font-weight: 400;\">Ma\u00dfnahmen nach \u00a7 45 SGB III<\/li>\n<li style=\"font-weight: 400;\">Ma\u00dfnahmen nach \u00a7 16 f und \u00a7 16 h SGB II<\/li>\n<\/ul>\n<p style=\"font-weight: 400;\">Sonstige Ma\u00dfnahmen \u00f6ffentlicher Auftraggeber:<\/p>\n<ul>\n<li style=\"font-weight: 400;\">Sozialp\u00e4dagogische F\u00f6rderung in der Berufsschule,<\/li>\n<li style=\"font-weight: 400;\">Deutsch als Zweitsprache (Integrationskurse des BAMF<\/li>\n<li style=\"font-weight: 400;\">Berufsbezogene Sprachkurse des BAMF<\/li>\n<li style=\"font-weight: 400;\">Integrationsma\u00dfnahmen des Landes Schleswig-Holstein (Dunjay)<\/li>\n<li style=\"font-weight: 400;\">Berufsvorbereitung und -beratung (Land S.-H.: IT-Scouts, Regionale Ausbildungsbetreuung)<\/li>\n<\/ul>\n<p style=\"font-weight: 400;\">Ressourcen:<\/p>\n<p style=\"font-weight: 400;\">Die Ressourcen der isfa sind:<\/p>\n<ul>\n<li style=\"font-weight: 400;\">die Kontakte und Beziehungen der Mitarbeiter*innen und Teilnehmer*innen der isfa zu an den Angeboten und Dienstleistungen der isfa interessierten Menschen und Institutionen<\/li>\n<li style=\"font-weight: 400;\">die fachlichen beruflichen und pers\u00f6nlichen Kompetenzen der MitarbeiterInnen, die in die Weiterentwicklung des Tr\u00e4gerprofils integriert werden<\/li>\n<li style=\"font-weight: 400;\">die Qualit\u00e4t der Dienstleistungen der isfa, die bei den Auftraggebern und TeilnehmerInnen zur Wertsch\u00e4tzung und Kontinuit\u00e4t der Kontakte und Auftr\u00e4ge beitr\u00e4gt<\/li>\n<li style=\"font-weight: 400;\">Kooperationspartner, mit denen die isfa zur Verbesserung der Qualit\u00e4t oder Rationalisierung der Arbeit in regelm\u00e4\u00dfigen Kontakt steht:<\/li>\n<li style=\"font-weight: 400;\">Bildungstr\u00e4ger mit \u00e4hnlichem Tr\u00e4gerprofil:<\/li>\n<\/ul>\n<h4 style=\"font-weight: 400;\"><strong>Definition gelungenen Lernens<\/strong><\/h4>\n<p style=\"font-weight: 400;\">Die isfa versteht unter gelungenem Lernen einen Prozess sowohl der einzelnen Teilnehmer*innen als auch der Lerngruppe, in dem das Lehrgangsziel abpru\u0308fbar erreicht wird und die Teilnehmer*in auch das subjektive Empfingen der Zielerreichung hat. Die pers\u00f6nliche Entwicklung der Teilnehmer*in muss dem Lehrgangsziel ad\u00e4quat sein, d. h. er\/sie kann Sinn und Inhalte des Lehrgangsziels mit sich und seiner\/ihrer Lebenswelt in Beziehung setzen. Dabei muss immer auch als allgemeines, \u00fcbergeordnetes Ziel die Verbesserung der Integration in Besch\u00e4ftigung und\/oder Gesellschaft erreicht werden.<\/p>\n<p style=\"font-weight: 400;\">Neben den inhaltlichen Lernzielen muss die Teilnehmer*in die entsprechende Transferkompetenz erlangen, d. h. die F\u00e4higkeit, die erworbenen Kenntnisse und Fertigkeiten auch auf reale Anforderungssituationen zu \u00fcbertragen und sie dort handelnd anzuwenden.<\/p>\n<p style=\"font-weight: 400;\">Kontakt:<\/p>\n<p style=\"font-weight: 400;\">Lange Reihe 1012;<\/p>\n<p style=\"font-weight: 400;\">24103 Kiel; Tel: 0431987006;<\/p>\n<p style=\"font-weight: 400;\">internet:\u00a0www.isfa-net.de\u00a0email: info@isfa-net.de.<\/p>\n<p>&nbsp;<\/p>\n<h4 style=\"font-weight: 400;\"><strong>Das Leitbild der isfa ist<\/strong><\/h4>\n<blockquote>\n<h2><span style=\"color: #ff0000;\"><strong>\u201eIntegration durch Qualifikation\u201c<\/strong><\/span><\/h2>\n<\/blockquote>\n<hr \/>\n<ul>\n<li><strong>Unser\u00a0\u00a0Menschenbild<\/strong><strong> \u00a0ist\u00a0\u00a0der\u00a0\u00a0selbst\u00e4ndig\u00a0\u00a0denkende\u00a0\u00a0und\u00a0\u00a0verantwortlich\u00a0\u00a0handelnde Mensch\u00a0\u00a0in der\u00a0\u00a0arbeitsteiligen\u00a0\u00a0und\u00a0\u00a0gemischtkulturellen\u00a0\u00a0Gesellschaft.<\/strong><\/li>\n<li><strong>Wir verstehen gelungenes Lernen als einen Prozess, in dem das Lernziel sowohl subjektiv vom Teilnehmer empfunden als auch messbar erreicht wird.<\/strong><\/li>\n<li><strong>Wir f\u00f6rdern gesellschaftliche und berufliche Integration durch Bildung und Ausbildung.<\/strong><\/li>\n<li><strong>Wir sind den Prinzipien und Methoden des Gender Mainstreaming verpflichtet.<\/strong><\/li>\n<li><strong>Wir sind politisch und konfessionell ungebunden<\/strong><\/li>\n<\/ul>\n<hr \/>\n<p style=\"font-weight: 400;\">Isfa Stand: 05\/2022<\/p>\n<p>[\/vc_column_text][\/vc_column][\/vc_row][vc_row][vc_column][vc_row_inner][vc_column_inner][\/vc_column_inner][\/vc_row_inner][vc_column_text]Zum Downloaden\u00a0klicken Sie bitte auf untenstehenden Link!<\/p>\n<p><a href=\"https:\/\/isfa-net.de\/wp-content\/uploads\/2022\/06\/Leitbild-der-isfa-Stand-2022.pdf\" target=\"_blank\" rel=\"noopener\">Leitbild der isfa, Stand 2022<\/a>[\/vc_column_text][\/vc_column][\/vc_row]<\/p>\n","protected":false},"excerpt":{"rendered":"<p>[vc_row][vc_column][vc_column_text] Integration durch Qualifikation IHR ERFOLG IST UNSER ZIEL Das Leitbild der isfa Die isfa wurde 1980 als \u201eisfa \u2013 Initiative zur sprachlichen u. sozialen F\u00f6rderung ausl\u00e4ndischer Arbeitnehmer e. V.\u201c gegr\u00fcndet. Dieser Name wurde 1996 in die heutige Bezeichnung \u201eisfa \u2013 interkulturelle schule\u00a0fortbildung\u00a0und\u00a0ausbildung\u00a0gmbh\u201c umgewandelt. 2003 entstand zus\u00e4tzlich die isfa plus GmbH, die diese Arbeit fortgef\u00fchrt und [&hellip;]<\/p>\n","protected":false},"author":2,"featured_media":0,"parent":0,"menu_order":0,"comment_status":"closed","ping_status":"closed","template":"","meta":{"_bbp_topic_count":0,"_bbp_reply_count":0,"_bbp_total_topic_count":0,"_bbp_total_reply_count":0,"_bbp_voice_count":0,"_bbp_anonymous_reply_count":0,"_bbp_topic_count_hidden":0,"_bbp_reply_count_hidden":0,"_bbp_forum_subforum_count":0,"footnotes":""},"class_list":["post-3520","page","type-page","status-publish","hentry"],"_links":{"self":[{"href":"https:\/\/isfa-net.de\/index.php?rest_route=\/wp\/v2\/pages\/3520","targetHints":{"allow":["GET"]}}],"collection":[{"href":"https:\/\/isfa-net.de\/index.php?rest_route=\/wp\/v2\/pages"}],"about":[{"href":"https:\/\/isfa-net.de\/index.php?rest_route=\/wp\/v2\/types\/page"}],"author":[{"embeddable":true,"href":"https:\/\/isfa-net.de\/index.php?rest_route=\/wp\/v2\/users\/2"}],"replies":[{"embeddable":true,"href":"https:\/\/isfa-net.de\/index.php?rest_route=%2Fwp%2Fv2%2Fcomments&post=3520"}],"version-history":[{"count":9,"href":"https:\/\/isfa-net.de\/index.php?rest_route=\/wp\/v2\/pages\/3520\/revisions"}],"predecessor-version":[{"id":3525,"href":"https:\/\/isfa-net.de\/index.php?rest_route=\/wp\/v2\/pages\/3520\/revisions\/3525"}],"wp:attachment":[{"href":"https:\/\/isfa-net.de\/index.php?rest_route=%2Fwp%2Fv2%2Fmedia&parent=3520"}],"curies":[{"name":"wp","href":"https:\/\/api.w.org\/{rel}","templated":true}]}}