{"id":3120,"date":"2020-03-28T12:43:40","date_gmt":"2020-03-28T12:43:40","guid":{"rendered":"https:\/\/isfa-plus.de\/?page_id=3120"},"modified":"2020-05-26T11:48:09","modified_gmt":"2020-05-26T11:48:09","slug":"datenschutz","status":"publish","type":"page","link":"https:\/\/isfa-net.de\/?page_id=3120","title":{"rendered":"Datenschutz"},"content":{"rendered":"<p>[vc_row row_content_width=&#8220;grid&#8220; css=&#8220;.vc_custom_1586286885134{padding-top: 30px !important;padding-bottom: 75px !important;}&#8220;][vc_column]<div class=\"eltdf-elements-holder   eltdf-one-column  eltdf-responsive-mode-768   \" ><div class=\"eltdf-eh-item     \"  data-item-class=\"eltdf-eh-custom-3548\" data-1367-1600=\"40px 15% 0 0\" data-1025-1366=\"40px 0% 0 0\" data-769-1024=\"40px 15% 0 0\" data-681-768=\"0 10% 0 0\" data-680=\"0 0\">\n\t<div class=\"eltdf-eh-item-inner\">\n\t\t<div class=\"eltdf-eh-item-content eltdf-eh-custom-3548\" style=\"padding: 40px 15% 0 0\">\n\t\t\t[vc_column_text]<strong>Datenschutzerkl\u00e4rung<\/strong><br \/>\nVerantwortliche Stelle im Sinne der Datenschutzgesetze, insbesondere der EUDatenschutzgrundverordnung (DSGVO), ist:<br \/>\n<strong>isfa GmbH<\/strong>, Gesch\u00e4ftsf\u00fchrung, Lange Reihe 10-12, 24103 Kiel<br \/>\n<strong>isfa plus GmbH<\/strong>, Gesch\u00e4ftsf\u00fchrung, Lange Reihe 10-12, 24103 Kiel<br \/>\n<strong>E-Mail:<\/strong> info@isfa-net.de<br \/>\n<strong>Telefon:<\/strong> 0431-987006 (Verwaltung)<\/p>\n<p>Ihre Betroffenenrechte<br \/>\nUnter den angegebenen Kontaktdaten unseres Datenschutzbeauftragten k\u00f6nnen Sie jederzeit<br \/>\nfolgende Rechte aus\u00fcben:<\/p>\n<ol>\n<li>Auskunft \u00fcber Ihre bei uns gespeicherten Daten und deren Verarbeitung,<\/li>\n<li>Berichtigung unrichtiger personenbezogener Daten,<\/li>\n<li>L\u00f6schung Ihrer bei uns gespeicherten Daten,<\/li>\n<li>Einschr\u00e4nkung der Datenverarbeitung, sofern wir Ihre Daten aufgrund gesetzlicher Pflichten<br \/>\nnoch nicht l\u00f6schen d\u00fcrfen,<\/li>\n<li>Widerspruch gegen die Verarbeitung Ihrer Daten bei uns,<\/li>\n<li>Daten\u00fcbertragbarkeit, sofern Sie in die Datenverarbeitung eingewilligt haben oder einen Vertrag mit uns abgeschlossen haben.<\/li>\n<\/ol>\n<p>Sofern Sie uns eine Einwilligung erteilt haben, k\u00f6nnen Sie diese jederzeit mit Wirkung f\u00fcr die Zukunft widerrufen.<\/p>\n<p>Sie k\u00f6nnen sich jederzeit mit einer Beschwerde an die f\u00fcr Sie zust\u00e4ndige Aufsichtsbeh\u00f6rde wenden. Ihre zust\u00e4ndige Aufsichtsbeh\u00f6rde richtet sich nach dem Bundesland Ihres Wohnsitzes, Ihrer Arbeit oder der mutma\u00dflichen Verletzung. Eine Liste der Aufsichtsbeh\u00f6rden (f\u00fcr den nicht\u00f6ffentlichen Bereich) mit Anschrift finden Sie auf der <a href=\"https:\/\/www.bfdi.bund.de\/DE\/Infothek\/Anschriften_Links\/anschriften_links-node.html\">Website des Bundesbeauftragten f\u00fcr den Datenschutz und die Informationsfreiheit.<\/a><\/p>\n<p><strong>Zwecke der Datenverarbeitung durch die verantwortliche Stelle und Dritte<\/strong><\/p>\n<p>Wir verarbeiten Ihre personenbezogenen Daten nur zu den in dieser Datenschutzerkl\u00e4rung genannten Zwecken. Eine \u00dcbermittlung Ihrer pers\u00f6nlichen Daten an Dritte zu anderen als den genannten Zwecken findet nicht statt. Wir geben Ihre pers\u00f6nlichen Daten nur an Dritte weiter, wenn eine der folgenden Bedingungen zutrifft, n\u00e4mlich:<\/p>\n<ol>\n<li>Sie Ihre ausdr\u00fcckliche Einwilligung dazu erteilt haben,<\/li>\n<li>die Verarbeitung zur Abwicklung eines Vertrags mit Ihnen erforderlich ist,<\/li>\n<li>die Verarbeitung zur Erf\u00fcllung einer rechtlichen Verpflichtung erforderlich ist,<\/li>\n<li>die Verarbeitung zur Wahrung berechtigter Interessen erforderlich ist und kein Grund zur Annahme besteht, dass Sie ein \u00fcberwiegendes schutzw\u00fcrdiges Interesse an der Nichtweitergabe Ihrer Daten haben.<\/li>\n<\/ol>\n<p><strong>L\u00f6schung bzw. Sperrung der Daten<\/strong><br \/>\nWir halten uns an die Grunds\u00e4tze der Datenvermeidung und Datensparsamkeit. Wir speichern Ihre personenbezogenen Daten daher nur so lange, wie dies zur Erreichung der hier genannten Zwecke erforderlich ist oder wie es die vom Gesetzgeber vorgesehenen vielf\u00e4ltigen Speicherfristen vorsehen. Nach Fortfall des jeweiligen Zweckes bzw. Ablauf dieser Fristen werden die entsprechenden Daten routinem\u00e4\u00dfig und entsprechend den gesetzlichen Vorschriften gesperrt oder gel\u00f6scht.<\/p>\n<p><strong>Erfassung allgemeiner Informationen beim Besuch unserer Website<\/strong><\/p>\n<p><strong>Cookies<\/strong><br \/>\nWenn Sie auf unsere Website zugreifen, werden automatisch mittels eines Cookies Informationen allgemeiner Natur erfasst. Diese Informationen (Server-Logfiles) beinhalten etwa die Art des Webbrowsers, das verwendete Betriebssystem, den Domainnamen Ihres Internet-Service-Providers und \u00e4hnliches. Hierbei handelt es sich ausschlie\u00dflich um Informationen, welche keine R\u00fcckschl\u00fcsse auf Ihre Person zulassen.<\/p>\n<p>Diese Informationen sind technisch notwendig, um von Ihnen angeforderte Inhalte von Webseiten korrekt auszuliefern und fallen bei Nutzung des Internets zwingend an. Sie werden insbesondere zu folgenden Zwecken verarbeitet:<\/p>\n<ol>\n<li>Sicherstellung eines problemlosen Verbindungsaufbaus der Website,<\/li>\n<li>Sicherstellung einer reibungslosen Nutzung unserer Website,<\/li>\n<li>Auswertung der Systemsicherheit und -stabilit\u00e4t sowie<\/li>\n<li>zu weiteren administrativen Zwecken.<\/li>\n<\/ol>\n<p>Die Verarbeitung Ihrer personenbezogenen Daten basiert auf unserem berechtigten Interesse aus den vorgenannten Zwecken zur Datenerhebung. Wir verwenden Ihre Daten nicht, um R\u00fcckschl\u00fcsse auf Ihre Person zu ziehen. Empf\u00e4nger der Daten sind nur die verantwortliche Stelle und ggf. Auftragsverarbeiter.<\/p>\n<p>Anonyme Informationen dieser Art werden von uns ggf. statistisch ausgewertet, um unseren Internetauftritt und die dahinterstehende Technik zu optimieren.<\/p>\n<p><strong>Kontaktformular<\/strong><br \/>\nTreten Sie bzgl. Fragen jeglicher Art per E-Mail oder Kontaktformular mit uns in Kontakt, erteilen Sie uns zum Zwecke der Kontaktaufnahme Ihre freiwillige Einwilligung. Hierf\u00fcr ist die Angabe einer validen E-Mail-Adresse erforderlich. Diese dient der Zuordnung der Anfrage und der anschlie\u00dfenden Beantwortung derselben. Die Angabe weiterer Daten ist optional. Die von Ihnen gemachten Angaben werden zum Zwecke der Bearbeitung der Anfrage sowie f\u00fcr m\u00f6gliche Anschlussfragen gespeichert. Nach Erledigung der von Ihnen gestellten Anfrage werden personenbezogene Daten automatisch gel\u00f6scht.<\/p>\n<p><strong>Ver\u00f6ffentlichung von Stellenanzeigen\/Bewerbungen per E-Mail<\/strong><br \/>\nIhre Bewerbungsdaten werden zum Zwecke der Abwicklung des Bewerbungsverfahrens elektronisch von uns erhoben und verarbeitet. Folgt auf Ihre Bewerbung der Abschluss eines Anstellungsvertrages, so k\u00f6nnen Ihre \u00fcbermittelten Daten zum Zwecke des \u00fcblichen Organisationsund Verwaltungsprozesses unter Beachtung der einschl\u00e4gigen rechtlichen Vorschriften von uns in Ihrer Personalakte gespeichert werden.Die L\u00f6schung der von Ihnen \u00fcbermittelten Daten erfolgt bei Zur\u00fcckweisung Ihrer Stellenbewerbung automatisch sp\u00e4testens sechs Monate nach Bekanntgabe der Zur\u00fcckweisung.<\/p>\n<p>Dies gilt nicht, wenn aufgrund gesetzlicher Erfordernisse (beispielsweise der Beweispflicht nach dem Allgemeinen Gleichbehandlungsgesetz) eine l\u00e4ngere Speicherung notwendig ist oder wenn Sie einer l\u00e4ngeren Speicherung in unserer Bewerbungsdatenbank ausdr\u00fccklich zugestimmt haben.<\/p>\n<p><strong>Verwendung von Google Maps<\/strong><br \/>\nDiese Webseite verwendet Google Maps API, um geographische Informationen visuell darzustellen. Bei der Nutzung von Google Maps werden von Google auch Daten \u00fcber die Nutzung der Kartenfunktionen durch Besucher erhoben, verarbeitet und genutzt. N\u00e4here Informationen \u00fcber die Datenverarbeitung durch Google k\u00f6nnen Sie den <a href=\"https:\/\/policies.google.com\/privacy?hl=de\">Google-Datenschutzhinweisen<\/a> entnehmen. Dort k\u00f6nnen Sie im Datenschutzcenter auch Ihre pers\u00f6nlichen Datenschutz-Einstellungen ver\u00e4ndern.<\/p>\n<p>Ausf\u00fchrliche Anleitungen zur Verwaltung der eigenen Daten im Zusammenhang mit GoogleProdukten finden Sie <a href=\"https:\/\/support.google.com\/accounts\/answer\/3024190\">hier<\/a>.<\/p>\n<p><strong>\u00c4nderung unserer Datenschutzbestimmungen<\/strong><br \/>\nWir behalten uns vor, diese Datenschutzerkl\u00e4rung anzupassen, damit sie stets den aktuellen rechtlichen Anforderungen entspricht oder um \u00c4nderungen unserer Leistungen in der Datenschutzerkl\u00e4rung umzusetzen, z. B. bei der Einf\u00fchrung neuer Services. F\u00fcr Ihren erneuten Besuch gilt dann die neue Datenschutzerkl\u00e4rung.<\/p>\n<p><strong>Fragen an den Datenschutzbeauftragten<\/strong><br \/>\nEin Datenschutzbeauftragter ist benannt. Wenn Sie Fragen zum Datenschutz der isfa haben, wenden Sie sich bitte direkt an unseren Datenschutzbeauftragten und schreiben Sie uns eine E-Mail an: <a href=\"mailto:datenschutz@isfa-net.de\">datenschutz@isfa-net.de<\/a><\/p>\n<p>isfa GmbH<br \/>\nisfa plus GmbH<br \/>\nStand 13.04.2020.[\/vc_column_text]\t\t<\/div>\n\t<\/div>\n<\/div><\/div>[\/vc_column][\/vc_row]<\/p>\n","protected":false},"excerpt":{"rendered":"<p>[vc_row row_content_width=&#8220;grid&#8220; css=&#8220;.vc_custom_1586286885134{padding-top: 30px !important;padding-bottom: 75px !important;}&#8220;][vc_column][\/vc_column][\/vc_row]<\/p>\n","protected":false},"author":1,"featured_media":0,"parent":0,"menu_order":0,"comment_status":"closed","ping_status":"closed","template":"","meta":{"_bbp_topic_count":0,"_bbp_reply_count":0,"_bbp_total_topic_count":0,"_bbp_total_reply_count":0,"_bbp_voice_count":0,"_bbp_anonymous_reply_count":0,"_bbp_topic_count_hidden":0,"_bbp_reply_count_hidden":0,"_bbp_forum_subforum_count":0,"footnotes":""},"class_list":["post-3120","page","type-page","status-publish","hentry"],"_links":{"self":[{"href":"https:\/\/isfa-net.de\/index.php?rest_route=\/wp\/v2\/pages\/3120","targetHints":{"allow":["GET"]}}],"collection":[{"href":"https:\/\/isfa-net.de\/index.php?rest_route=\/wp\/v2\/pages"}],"about":[{"href":"https:\/\/isfa-net.de\/index.php?rest_route=\/wp\/v2\/types\/page"}],"author":[{"embeddable":true,"href":"https:\/\/isfa-net.de\/index.php?rest_route=\/wp\/v2\/users\/1"}],"replies":[{"embeddable":true,"href":"https:\/\/isfa-net.de\/index.php?rest_route=%2Fwp%2Fv2%2Fcomments&post=3120"}],"version-history":[{"count":4,"href":"https:\/\/isfa-net.de\/index.php?rest_route=\/wp\/v2\/pages\/3120\/revisions"}],"predecessor-version":[{"id":3303,"href":"https:\/\/isfa-net.de\/index.php?rest_route=\/wp\/v2\/pages\/3120\/revisions\/3303"}],"wp:attachment":[{"href":"https:\/\/isfa-net.de\/index.php?rest_route=%2Fwp%2Fv2%2Fmedia&parent=3120"}],"curies":[{"name":"wp","href":"https:\/\/api.w.org\/{rel}","templated":true}]}}

<p>[vc_row row_content_width=&#8220;grid&#8220; css=&#8220;.vc_custom_1586286885134{padding-top: 30px !important;padding-bottom: 75px !important;}&#8220;][vc_column]<div class="eltdf-elements-holder   eltdf-one-column  eltdf-responsive-mode-768   " ><div class="eltdf-eh-item     "  data-item-class="eltdf-eh-custom-3548" data-1367-1600="40px 15% 0 0" data-1025-1366="40px 0% 0 0" data-769-1024="40px 15% 0 0" data-681-768="0 10% 0 0" data-680="0 0">
	<div class="eltdf-eh-item-inner">
		<div class="eltdf-eh-item-content eltdf-eh-custom-3548" style="padding: 40px 15% 0 0">
			[vc_column_text]<strong>Datenschutzerklärung</strong><br />
Verantwortliche Stelle im Sinne der Datenschutzgesetze, insbesondere der EUDatenschutzgrundverordnung (DSGVO), ist:<br />
<strong>isfa GmbH</strong>, Geschäftsführung, Lange Reihe 10-12, 24103 Kiel<br />
<strong>isfa plus GmbH</strong>, Geschäftsführung, Lange Reihe 10-12, 24103 Kiel<br />
<strong>E-Mail:</strong> info@isfa-net.de<br />
<strong>Telefon:</strong> 0431-987006 (Verwaltung)</p>
<p>Ihre Betroffenenrechte<br />
Unter den angegebenen Kontaktdaten unseres Datenschutzbeauftragten können Sie jederzeit<br />
folgende Rechte ausüben:</p>
<ol>
<li>Auskunft über Ihre bei uns gespeicherten Daten und deren Verarbeitung,</li>
<li>Berichtigung unrichtiger personenbezogener Daten,</li>
<li>Löschung Ihrer bei uns gespeicherten Daten,</li>
<li>Einschränkung der Datenverarbeitung, sofern wir Ihre Daten aufgrund gesetzlicher Pflichten<br />
noch nicht löschen dürfen,</li>
<li>Widerspruch gegen die Verarbeitung Ihrer Daten bei uns,</li>
<li>Datenübertragbarkeit, sofern Sie in die Datenverarbeitung eingewilligt haben oder einen Vertrag mit uns abgeschlossen haben.</li>
</ol>
<p>Sofern Sie uns eine Einwilligung erteilt haben, können Sie diese jederzeit mit Wirkung für die Zukunft widerrufen.</p>
<p>Sie können sich jederzeit mit einer Beschwerde an die für Sie zuständige Aufsichtsbehörde wenden. Ihre zuständige Aufsichtsbehörde richtet sich nach dem Bundesland Ihres Wohnsitzes, Ihrer Arbeit oder der mutmaßlichen Verletzung. Eine Liste der Aufsichtsbehörden (für den nichtöffentlichen Bereich) mit Anschrift finden Sie auf der <a href="https://www.bfdi.bund.de/DE/Infothek/Anschriften_Links/anschriften_links-node.html">Website des Bundesbeauftragten für den Datenschutz und die Informationsfreiheit.</a></p>
<p><strong>Zwecke der Datenverarbeitung durch die verantwortliche Stelle und Dritte</strong></p>
<p>Wir verarbeiten Ihre personenbezogenen Daten nur zu den in dieser Datenschutzerklärung genannten Zwecken. Eine Übermittlung Ihrer persönlichen Daten an Dritte zu anderen als den genannten Zwecken findet nicht statt. Wir geben Ihre persönlichen Daten nur an Dritte weiter, wenn eine der folgenden Bedingungen zutrifft, nämlich:</p>
<ol>
<li>Sie Ihre ausdrückliche Einwilligung dazu erteilt haben,</li>
<li>die Verarbeitung zur Abwicklung eines Vertrags mit Ihnen erforderlich ist,</li>
<li>die Verarbeitung zur Erfüllung einer rechtlichen Verpflichtung erforderlich ist,</li>
<li>die Verarbeitung zur Wahrung berechtigter Interessen erforderlich ist und kein Grund zur Annahme besteht, dass Sie ein überwiegendes schutzwürdiges Interesse an der Nichtweitergabe Ihrer Daten haben.</li>
</ol>
<p><strong>Löschung bzw. Sperrung der Daten</strong><br />
Wir halten uns an die Grundsätze der Datenvermeidung und Datensparsamkeit. Wir speichern Ihre personenbezogenen Daten daher nur so lange, wie dies zur Erreichung der hier genannten Zwecke erforderlich ist oder wie es die vom Gesetzgeber vorgesehenen vielfältigen Speicherfristen vorsehen. Nach Fortfall des jeweiligen Zweckes bzw. Ablauf dieser Fristen werden die entsprechenden Daten routinemäßig und entsprechend den gesetzlichen Vorschriften gesperrt oder gelöscht.</p>
<p><strong>Erfassung allgemeiner Informationen beim Besuch unserer Website</strong></p>
<p><strong>Cookies</strong><br />
Wenn Sie auf unsere Website zugreifen, werden automatisch mittels eines Cookies Informationen allgemeiner Natur erfasst. Diese Informationen (Server-Logfiles) beinhalten etwa die Art des Webbrowsers, das verwendete Betriebssystem, den Domainnamen Ihres Internet-Service-Providers und ähnliches. Hierbei handelt es sich ausschließlich um Informationen, welche keine Rückschlüsse auf Ihre Person zulassen.</p>
<p>Diese Informationen sind technisch notwendig, um von Ihnen angeforderte Inhalte von Webseiten korrekt auszuliefern und fallen bei Nutzung des Internets zwingend an. Sie werden insbesondere zu folgenden Zwecken verarbeitet:</p>
<ol>
<li>Sicherstellung eines problemlosen Verbindungsaufbaus der Website,</li>
<li>Sicherstellung einer reibungslosen Nutzung unserer Website,</li>
<li>Auswertung der Systemsicherheit und -stabilität sowie</li>
<li>zu weiteren administrativen Zwecken.</li>
</ol>
<p>Die Verarbeitung Ihrer personenbezogenen Daten basiert auf unserem berechtigten Interesse aus den vorgenannten Zwecken zur Datenerhebung. Wir verwenden Ihre Daten nicht, um Rückschlüsse auf Ihre Person zu ziehen. Empfänger der Daten sind nur die verantwortliche Stelle und ggf. Auftragsverarbeiter.</p>
<p>Anonyme Informationen dieser Art werden von uns ggf. statistisch ausgewertet, um unseren Internetauftritt und die dahinterstehende Technik zu optimieren.</p>
<p><strong>Kontaktformular</strong><br />
Treten Sie bzgl. Fragen jeglicher Art per E-Mail oder Kontaktformular mit uns in Kontakt, erteilen Sie uns zum Zwecke der Kontaktaufnahme Ihre freiwillige Einwilligung. Hierfür ist die Angabe einer validen E-Mail-Adresse erforderlich. Diese dient der Zuordnung der Anfrage und der anschließenden Beantwortung derselben. Die Angabe weiterer Daten ist optional. Die von Ihnen gemachten Angaben werden zum Zwecke der Bearbeitung der Anfrage sowie für mögliche Anschlussfragen gespeichert. Nach Erledigung der von Ihnen gestellten Anfrage werden personenbezogene Daten automatisch gelöscht.</p>
<p><strong>Veröffentlichung von Stellenanzeigen/Bewerbungen per E-Mail</strong><br />
Ihre Bewerbungsdaten werden zum Zwecke der Abwicklung des Bewerbungsverfahrens elektronisch von uns erhoben und verarbeitet. Folgt auf Ihre Bewerbung der Abschluss eines Anstellungsvertrages, so können Ihre übermittelten Daten zum Zwecke des üblichen Organisationsund Verwaltungsprozesses unter Beachtung der einschlägigen rechtlichen Vorschriften von uns in Ihrer Personalakte gespeichert werden.Die Löschung der von Ihnen übermittelten Daten erfolgt bei Zurückweisung Ihrer Stellenbewerbung automatisch spätestens sechs Monate nach Bekanntgabe der Zurückweisung.</p>
<p>Dies gilt nicht, wenn aufgrund gesetzlicher Erfordernisse (beispielsweise der Beweispflicht nach dem Allgemeinen Gleichbehandlungsgesetz) eine längere Speicherung notwendig ist oder wenn Sie einer längeren Speicherung in unserer Bewerbungsdatenbank ausdrücklich zugestimmt haben.</p>
<p><strong>Verwendung von Google Maps</strong><br />
Diese Webseite verwendet Google Maps API, um geographische Informationen visuell darzustellen. Bei der Nutzung von Google Maps werden von Google auch Daten über die Nutzung der Kartenfunktionen durch Besucher erhoben, verarbeitet und genutzt. Nähere Informationen über die Datenverarbeitung durch Google können Sie den <a href="https://policies.google.com/privacy?hl=de">Google-Datenschutzhinweisen</a> entnehmen. Dort können Sie im Datenschutzcenter auch Ihre persönlichen Datenschutz-Einstellungen verändern.</p>
<p>Ausführliche Anleitungen zur Verwaltung der eigenen Daten im Zusammenhang mit GoogleProdukten finden Sie <a href="https://support.google.com/accounts/answer/3024190">hier</a>.</p>
<p><strong>Änderung unserer Datenschutzbestimmungen</strong><br />
Wir behalten uns vor, diese Datenschutzerklärung anzupassen, damit sie stets den aktuellen rechtlichen Anforderungen entspricht oder um Änderungen unserer Leistungen in der Datenschutzerklärung umzusetzen, z. B. bei der Einführung neuer Services. Für Ihren erneuten Besuch gilt dann die neue Datenschutzerklärung.</p>
<p><strong>Fragen an den Datenschutzbeauftragten</strong><br />
Ein Datenschutzbeauftragter ist benannt. Wenn Sie Fragen zum Datenschutz der isfa haben, wenden Sie sich bitte direkt an unseren Datenschutzbeauftragten und schreiben Sie uns eine E-Mail an: <a href="mailto:datenschutz@isfa-net.de">datenschutz@isfa-net.de</a></p>
<p>isfa GmbH<br />
isfa plus GmbH<br />
Stand 13.04.2020.[/vc_column_text]		</div>
	</div>
</div></div>[/vc_column][/vc_row]</p>
